 1103102301?
-1103102211
In base 4, what is 12300 - -10303003?
10321303
In base 16, what is 4eb - aebf?
-a9d4
In base 6, what is 1 + -14050313?
-14050312
In base 13, what is 215a - -ba5?
3032
In base 12, what is 5 + -437894?
-43788b
In base 14, what is -57 + 1b91?
1b38
In base 8, what is -256 - 1415610?
-1416066
In base 8, what is -1676 - -152623?
150725
In base 5, what is 0 + -144021141?
-144021141
In base 6, what is -5014 - 1445342?
-1454400
In base 11, what is -135344a - 16?
-1353465
In base 9, what is 1 - -216754031?
216754032
In base 11, what is 9979a38a + 3?
9979a392
In base 9, what is 58 + 6642260?
6642328
In base 7, what is 1236 - 1034244?
-1033005
In base 2, what is -10001000001010000010 - -1001?
-10001000001001111001
In base 16, what is -1509dcc + 5?
-1509dc7
In base 10, what is 3528 - 1424?
2104
In base 7, what is -342113313 - 0?
-342113313
In base 16, what is 267 - 3153?
-2eec
In base 7, what is 4 - 245461614?
-245461610
In base 11, what is -11384 + -2594?
-13968
In base 5, what is -34143110243 + -10?
-34143110303
In base 10, what is 165963 - 10?
165953
In base 4, what is -32110220333133 - -3?
-32110220333130
In base 14, what is -11003d06 + -5?
-11003d0b
In base 2, what is -100001011000 + 1100000001?
-10101010111
In base 10, what is -465 - -3315?
2850
In base 4, what is -110312220011 + 112?
-110312213233
In base 6, what is -5 - 1303310?
-1303315
In base 15, what is -b + 563a1bb?
563a1b0
In base 6, what is 54130 + 101531?
200101
In base 10, what is -93 + -3066?
-3159
In base 4, what is 101212123010 + 1?
101212123011
In base 12, what is 312a + ab51?
1207b
In base 3, what is 211 + 2000100201120?
2000100202101
In base 9, what is -5 + -1172532?
-1172537
In base 4, what is 1102 + -10030133222?
-10030132120
In base 16, what is -bbef3 - -f?
-bbee4
In base 10, what is -33474928 - -4?
-33474924
In base 13, what is -3 + 356495a4?
356495a1
In base 14, what is c42 - 61cb?
-5389
In base 2, what is -100011001011011 - -101101000111?
-11101100010100
In base 7, what is -11406465 - 2065?
-11411563
In base 6, what is 1514225 + -102245?
1411540
In base 11, what is 2949aa + -a?
2949a0
In base 6, what is -512430 + 544?
-511442
In base 12, what is 445261 + 28?
445289
In base 8, what is -260525 - 16153?
-276700
In base 2, what is -110 - -100011000000100111100111?
100011000000100111100001
In base 11, what is 602aa + -5716?
55694
In base 2, what is 110 + 11001111101011010011?
11001111101011011001
In base 6, what is 1144015 + -2434?
1141141
In base 15, what is -6 - -108ed8?
108ed2
In base 9, what is 7431217 - -2?
7431220
In base 12, what is 1b + -3846a20?
-3846a01
In base 12, what is 20979 + -1a50?
1ab29
In base 10, what is 112 + -114260?
-114148
In base 7, what is 66055 + 216?
66304
In base 16, what is -3b9fb - 61?
-3ba5c
In base 9, what is 1750 - -1264?
3124
In base 14, what is bc6c + 7?
bc75
In base 15, what is 1 - -14897dd3?
14897dd4
In base 7, what is 3 - 320213240?
-320213234
In base 16, what is -81 - -14431?
143b0
In base 11, what is 4 - -45404aa7?
45405000
In base 14, what is -278ca + 13d?
-2778b
In base 12, what is 5 - a605b0?
-a605a7
In base 7, what is 3 + -144345505?
-144345502
In base 7, what is -1432152235 - -3?
-1432152232
In base 3, what is 1002100201 - -20122022?
1100000000
In base 10, what is -57484662 + 1?
-57484661
In base 15, what is -5 + -5b8c23?
-5b8c28
In base 5, what is -2012 - -2221340?
2214323
In base 15, what is -29850 - 558?
-29da8
In base 11, what is -4949a - -701?
-48899
In base 2, what is -11010100 + 10000011010011000011?
10000011001111101111
In base 5, what is -20000440 + -1?
-20000441
In base 3, what is -1112200000012 + -1221?
-1112200002010
In base 6, what is 1311221524 + -1?
1311221523
In base 15, what is -10872 + -1a9?
-10a2b
In base 11, what is 4248 + 366?
4603
In base 10, what is 7092505 + 4?
7092509
In base 8, what is 101 + -2374622?
-2374521
In base 11, what is -3173a + -3479?
-35108
In base 9, what is 5 + -38435054?
-38435048
In base 16, what is -91f75 + -1?
-91f76
In base 6, what is 1210005 + 14143?
1224152
In base 14, what is 9c9 + -2507?
-191c
In base 15, what is 8e3 - 8877?
-7e84
In base 13, what is -1929 + -11a4?
-2b00
In base 4, what is 2310302211303 - -20?
2310302211323
In base 14, what is -1554d9b + 3?
-1554d98
In base 7, what is -501620 - -1044?
-500543
In base 7, what is 531410 + 350?
532060
In base 12, what is 931a33 - 6?
931a29
In base 14, what is -4 - 313b2?
-313b6
In base 5, what is -1230142 - -132442?
-1042200
In base 13, what is -3938 + a0aa?
6472
In base 4, what is -1021223101013303 + -10?
-1021223101013313
In base 11, what is -8146 + 245?
-7a01
In base 14, what is -12 - 1767496?
-17674a8
In base 11, what is -5804980 + 3?
-5804978
In base 13, what is -8 - 119352ba?
-119352c5
In base 16, what is -4 + -143b9d?
-143ba1
In base 7, what is 53 + 1525253?
1525336
In base 16, what is -6 + bc4f2c?
bc4f26
In base 4, what is -11 + 11010221123221?
11010221123210
In base 12, what is 4 - -a7ba8b8?
a7ba900
In base 10, what is -7181307 - -22?
-7181285
In base 8, what is -2614735 - -207?
-2614526
In base 15, what is 1 - 49a798?
-49a797
In base 7, what is -1215431 - -33?
-1215365
In base 16, what is 17 + 90594?
905ab
In base 3, what is 1022201002002 - -2100220?
1022210102222
In base 7, what is 0 + -1601644564?
-1601644564
In base 10, what is -5 - 8951548?
-8951553
In base 16, what is -2f1 + 330d?
301c
In base 14, what is -b6318c + 13?
-b63179
In base 6, what is -53 + -4350054?
-4350151
In base 3, what is 220012011020 + 1021220?
220020110010
In base 14, what is 197cb42 - a?
197cb36
In base 9, what is -410620 - 207?
-410827
In base 10, what is 27521387 - -18?
27521405
In base 14, what is -494 + -21a2?
-2656
In base 2, what is -10100001010001 - -110000101?
-10011011001100
In base 13, what is 157 + -190a6a?
-190913
In base 15, what is -17 + dccc?
dcb5
In base 8, what is -3 + -10677542?
-10677545
In base 14, what is 10692 - 34?
1065c
In base 10, what is -1239428 - -5?
-1239423
In base 6, what is -10452512544 - -3?
-10452512541
In base 9, what is 2 - -507041?
507043
In base 5, what is 0 + 413030242002?
413030242002
In base 5, what is -2 - -12212133303?
12212133301
In base 12, what is -353a94 - 6?
-353a9a
In base 13, what is 1560654a - 1?
15606549
In base 6, what is 531300 + -1140?
530120
In base 9, what is 1342434 - -115?
1342550
In base 9, what is -114554786 - -2?
-114554784
In base 15, what is 2247a + -a2?
223c8
In base 10, what is -1 - -139068557?
139068556
In base 6, what is -1002215435 - -4?
-1002215431
In base 15, what is 2 - deac6?
-deac4
In base 15, what is 9c1c53b + -5?
9c1c536
In base 3, what is -1122121010 - 2101211?
-1201222221
In base 7, what is -123546255 - -4?
-123546251
In base 14, what is -16c0 - 407?
-1ac7
In base 16, what is 2 - -2243b11?
2243b13
In base 9, what is -1320716421 + -1?
-1320716422
In base 15, what is -15 - -1de004?
1ddede
In base 5, what is 41022 - 312431?
-221404
In base 3, what is 12121021001 + 12101?
12121110102
In base 15, what is -291 + 406e?
3ccd
In base 11, what is -58350621 + -2?
-58350623
In base 5, what is 3 - -2011240244?
2011240302
In base 9, what is -73716516 - 5?
-73716522
In base 4, what is -3 - -3121120021?
3121120012
In base 4, what is 121101302300 - -12?
121101302312
In base 11, what is 38 - -16157?
16194
In base 8, what is -3623 - -3762?
137
In base 10, what is -161669 + 21?
-161648
In base 10, what is 1 + 2234030?
2234031
In base 6, what is -403 - -1411353?
1410550
In base 9, what is -61644 - -1380?
-60254
In base 3, what is -122 + 120011010111?
120011002212
In base 3, what is 22201120111 + 2011110?
22210201221
In base 6, what is -105 - 2445255?
-2445404
In base 4, what is 11323102033 + 211?
11323102310
In base 2, what is -11011000001 + -1000010101011101?
-1000110000011110
In base 7, what is 345 + -4404553?
-4404205
In base 10, what is -143464 + -163?
-143627
In base 5, what is -21 - -3012011003?
3012010432
In base 7, what is -45004344 + -110?
-45004454
In base 13, what is c95 - -1222c?
131c4
In base 15, what is 5 - 1cd4526c?
-1cd45267
In base 11, what is -2 - -4755a32?
4755a30
In base 11, what is 3 + -11901510?
-11901508
In base 8, what is 37 - -204105?
204144
In base 11, what is 4 - 375448a?
-3754486
In base 4, what is -213223 - -100012100?
33132211
In base 13, what 